[INFO] fetching crate cddl 0.7.3...
[INFO] checking cddl-0.7.3 against try#72f88fc4e9458f89516a0b8b0868f3718aec5b47 for pr-74989
[INFO] extracting crate cddl 0.7.3 into /workspace/builds/worker-9/source
[INFO] validating manifest of crates.io crate cddl 0.7.3 on toolchain 72f88fc4e9458f89516a0b8b0868f3718aec5b47
[INFO] running `Command { std: "/workspace/cargo-home/bin/cargo" "+72f88fc4e9458f89516a0b8b0868f3718aec5b47" "read-manifest" "--manifest-path" "Cargo.toml", kill_on_drop: false }`
[INFO] started tweaking crates.io crate cddl 0.7.3
[INFO] removed 0 missing tests
[INFO] finished tweaking crates.io crate cddl 0.7.3
[INFO] tweaked toml for crates.io crate cddl 0.7.3 written to /workspace/builds/worker-9/source/Cargo.toml
[INFO] crate crates.io crate cddl 0.7.3 already has a lockfile, it will not be regenerated
[INFO] running `Command { std: "/workspace/cargo-home/bin/cargo" "+72f88fc4e9458f89516a0b8b0868f3718aec5b47" "fetch" "--locked" "--manifest-path" "Cargo.toml", kill_on_drop: false }`
[INFO] [stderr]  Downloading crates ...
[INFO] [stderr]   Downloaded crossterm_winapi v0.6.1
[INFO] [stderr]   Downloaded arc-swap v0.4.6
[INFO] [stderr]   Downloaded syn v1.0.20
[INFO] [stderr]   Downloaded signal-hook v0.1.15
[INFO] [stderr]   Downloaded codespan-reporting v0.9.3
[INFO] [stderr]   Downloaded wasm-bindgen-test v0.3.12
[INFO] [stderr]   Downloaded uriparse v0.6.1
[INFO] [stderr]   Downloaded indoc v0.3.5
[INFO] [stderr]   Downloaded wasm-bindgen-futures v0.4.12
[INFO] [stderr]   Downloaded base16 v0.2.1
[INFO] [stderr]   Downloaded unindent v0.1.5
[INFO] [stderr]   Downloaded crossterm v0.17.4
[INFO] [stderr]   Downloaded wasm-bindgen-test-macro v0.3.12
[INFO] [stderr]   Downloaded indoc-impl v0.3.5
[INFO] running `Command { std: "docker" "create" "-v" "/var/lib/crater-agent-workspace/builds/worker-9/target:/opt/rustwide/target:rw,Z" "-v" "/var/lib/crater-agent-workspace/builds/worker-9/source:/opt/rustwide/workdir:ro,Z" "-v" "/var/lib/crater-agent-workspace/cargo-home:/opt/rustwide/cargo-home:ro,Z" "-v" "/var/lib/crater-agent-workspace/rustup-home:/opt/rustwide/rustup-home:ro,Z" "-e" "SOURCE_DIR=/opt/rustwide/workdir" "-e" "CARGO_TARGET_DIR=/opt/rustwide/target" "-e" "CARGO_HOME=/opt/rustwide/cargo-home" "-e" "RUSTUP_HOME=/opt/rustwide/rustup-home" "-w" "/opt/rustwide/workdir" "-m" "1610612736" "--user" "0:0" "--network" "none" "rustops/crates-build-env@sha256:d92eaeed33fa75130ca1ee6c8a01d1ffb62bac859dfdfb3450e3e5d1c0146529" "/opt/rustwide/cargo-home/bin/cargo" "+72f88fc4e9458f89516a0b8b0868f3718aec5b47" "metadata" "--no-deps" "--format-version=1", kill_on_drop: false }`
[INFO] [stdout] 8ad99d171f49d2a83e8cd236bd92d5f66b51f006d2041158f4912be3a014d5a2
[INFO] [stderr] WARNING: Your kernel does not support swap limit capabilities or the cgroup is not mounted. Memory limited without swap.
[INFO] running `Command { std: "docker" "start" "-a" "8ad99d171f49d2a83e8cd236bd92d5f66b51f006d2041158f4912be3a014d5a2", kill_on_drop: false }`
[INFO] running `Command { std: "docker" "inspect" "8ad99d171f49d2a83e8cd236bd92d5f66b51f006d2041158f4912be3a014d5a2", kill_on_drop: false }`
[INFO] running `Command { std: "docker" "rm" "-f" "8ad99d171f49d2a83e8cd236bd92d5f66b51f006d2041158f4912be3a014d5a2", kill_on_drop: false }`
[INFO] [stdout] 8ad99d171f49d2a83e8cd236bd92d5f66b51f006d2041158f4912be3a014d5a2
[INFO] running `Command { std: "docker" "create" "-v" "/var/lib/crater-agent-workspace/builds/worker-9/target:/opt/rustwide/target:rw,Z" "-v" "/var/lib/crater-agent-workspace/builds/worker-9/source:/opt/rustwide/workdir:ro,Z" "-v" "/var/lib/crater-agent-workspace/cargo-home:/opt/rustwide/cargo-home:ro,Z" "-v" "/var/lib/crater-agent-workspace/rustup-home:/opt/rustwide/rustup-home:ro,Z" "-e" "SOURCE_DIR=/opt/rustwide/workdir" "-e" "CARGO_TARGET_DIR=/opt/rustwide/target" "-e" "CARGO_INCREMENTAL=0" "-e" "RUST_BACKTRACE=full" "-e" "RUSTFLAGS=--cap-lints=forbid" "-e" "CARGO_HOME=/opt/rustwide/cargo-home" "-e" "RUSTUP_HOME=/opt/rustwide/rustup-home" "-w" "/opt/rustwide/workdir" "-m" "1610612736" "--user" "0:0" "--network" "none" "rustops/crates-build-env@sha256:d92eaeed33fa75130ca1ee6c8a01d1ffb62bac859dfdfb3450e3e5d1c0146529" "/opt/rustwide/cargo-home/bin/cargo" "+72f88fc4e9458f89516a0b8b0868f3718aec5b47" "check" "--frozen" "--all" "--all-targets" "--message-format=json", kill_on_drop: false }`
[INFO] [stderr] WARNING: Your kernel does not support swap limit capabilities or the cgroup is not mounted. Memory limited without swap.
[INFO] [stdout] c510812cf46dcd26795d450121c08777706d581a009935c2a4181446b1e2ddab
[INFO] running `Command { std: "docker" "start" "-a" "c510812cf46dcd26795d450121c08777706d581a009935c2a4181446b1e2ddab", kill_on_drop: false }`
[INFO] [stderr]    Compiling libc v0.2.70
[INFO] [stderr]    Compiling syn v1.0.20
[INFO] [stderr]    Compiling autocfg v1.0.0
[INFO] [stderr]    Compiling bitflags v1.2.1
[INFO] [stderr]    Compiling serde v1.0.110
[INFO] [stderr]     Checking arc-swap v0.4.6
[INFO] [stderr]     Checking unicode-width v0.1.7
[INFO] [stderr]    Compiling lexical-core v0.7.4
[INFO] [stderr]     Checking itoa v0.4.5
[INFO] [stderr]     Checking either v1.5.3
[INFO] [stderr]     Checking regex-syntax v0.6.17
[INFO] [stderr]     Checking strsim v0.8.0
[INFO] [stderr]     Checking static_assertions v1.1.0
[INFO] [stderr]     Checking arrayvec v0.5.1
[INFO] [stderr]     Checking half v1.6.0
[INFO] [stderr]     Checking termcolor v1.1.0
[INFO] [stderr]     Checking vec_map v0.8.2
[INFO] [stderr]     Checking ansi_term v0.11.0
[INFO] [stderr]     Checking base64 v0.12.1
[INFO] [stderr]     Checking base16 v0.2.1
[INFO] [stderr]    Compiling proc-macro-hack v0.5.15
[INFO] [stderr]    Compiling unindent v0.1.5
[INFO] [stderr]     Checking textwrap v0.11.0
[INFO] [stderr]     Checking itertools v0.9.0
[INFO] [stderr]    Compiling proc-macro2 v1.0.12
[INFO] [stderr]     Checking log v0.4.8
[INFO] [stderr]     Checking codespan-reporting v0.9.3
[INFO] [stderr]    Compiling num-traits v0.2.11
[INFO] [stderr]    Compiling num-integer v0.1.42
[INFO] [stderr]     Checking iovec v0.1.4
[INFO] [stderr]     Checking net2 v0.2.34
[INFO] [stderr]     Checking signal-hook-registry v1.2.0
[INFO] [stderr]     Checking parking_lot_core v0.7.2
[INFO] [stderr]     Checking time v0.1.43
[INFO] [stderr]     Checking atty v0.2.14
[INFO] [stderr]    Compiling quote v1.0.4
[INFO] [stderr]     Checking clap v2.33.1
[INFO] [stderr]     Checking regex v1.3.7
[INFO] [stderr]     Checking parking_lot v0.10.2
[INFO] [stderr]     Checking mio v0.6.22
[INFO] [stderr]     Checking chrono v0.4.11
[INFO] [stderr]     Checking signal-hook v0.1.15
[INFO] [stderr]     Checking crossterm v0.17.4
[INFO] [stderr]    Compiling serde_derive v1.0.110
[INFO] [stderr]    Compiling indoc-impl v0.3.5
[INFO] [stderr]     Checking indoc v0.3.5
[INFO] [stderr]     Checking serde_cbor v0.11.1
[INFO] [stderr]     Checking serde_json v1.0.53
[INFO] [stderr]     Checking cddl v0.7.3 (/opt/rustwide/workdir)
[INFO] [stdout] error[E0432]: unresolved import `pretty_assertions`
[INFO] [stdout]     --> src/parser.rs:2455:7
[INFO] [stdout]      |
[INFO] [stdout] 2455 |   use pretty_assertions::assert_eq;
[INFO] [stdout]      |       ^^^^^^^^^^^^^^^^^ use of undeclared type or module `pretty_assertions`
[INFO] [stdout] 
[INFO] [stdout] 
[INFO] [stdout] error[E0432]: unresolved import `pretty_assertions`
[INFO] [stdout]     --> src/ast.rs:2123:7
[INFO] [stdout]      |
[INFO] [stdout] 2123 |   use pretty_assertions::assert_eq;
[INFO] [stdout]      |       ^^^^^^^^^^^^^^^^^ use of undeclared type or module `pretty_assertions`
[INFO] [stdout] 
[INFO] [stdout] 
[INFO] [stdout] error[E0432]: unresolved import `pretty_assertions`
[INFO] [stdout]    --> src/lexer.rs:875:7
[INFO] [stdout]     |
[INFO] [stdout] 875 |   use pretty_assertions::assert_eq;
[INFO] [stdout]     |       ^^^^^^^^^^^^^^^^^ use of undeclared type or module `pretty_assertions`
[INFO] [stdout] 
[INFO] [stdout] 
[INFO] [stdout] error: cannot determine resolution for the macro `assert_eq`
[INFO] [stdout]     --> src/parser.rs:4239:9
[INFO] [stdout]      |
[INFO] [stdout] 4239 |         assert_eq!(o.to_string(), expected_output.to_string());
[INFO] [stdout]      |         ^^^^^^^^^
[INFO] [stdout]      |
[INFO] [stdout]      = note: import resolution is stuck, try simplifying macro imports
[INFO] [stdout] 
[INFO] [stdout] 
[INFO] [stdout] error: cannot determine resolution for the macro `assert_eq`
[INFO] [stdout]     --> src/parser.rs:4238:9
[INFO] [stdout]      |
[INFO] [stdout] 4238 |         assert_eq!(&o, expected_output);
[INFO] [stdout]      |         ^^^^^^^^^
[INFO] [stdout]      |
[INFO] [stdout]      = note: import resolution is stuck, try simplifying macro imports
[INFO] [stdout] 
[INFO] [stdout] 
[INFO] [stdout] error: cannot determine resolution for the macro `assert_eq`
[INFO] [stdout]     --> src/parser.rs:4183:9
[INFO] [stdout]      |
[INFO] [stdout] 4183 |         assert_eq!(mk.to_string(), expected_output.to_string());
[INFO] [stdout]      |         ^^^^^^^^^
[INFO] [stdout]      |
[INFO] [stdout]      = note: import resolution is stuck, try simplifying macro imports
[INFO] [stdout] 
[INFO] [stdout] 
[INFO] [stdout] error: cannot determine resolution for the macro `assert_eq`
[INFO] [stdout]     --> src/parser.rs:4182:9
[INFO] [stdout]      |
[INFO] [stdout] 4182 |         assert_eq!(&mk, expected_output);
[INFO] [stdout]      |         ^^^^^^^^^
[INFO] [stdout]      |
[INFO] [stdout]      = note: import resolution is stuck, try simplifying macro imports
[INFO] [stdout] 
[INFO] [stdout] 
[INFO] [stdout] error: cannot determine resolution for the macro `assert_eq`
[INFO] [stdout]     --> src/parser.rs:4088:7
[INFO] [stdout]      |
[INFO] [stdout] 4088 |       assert_eq!(grpent.to_string(), expected_output.to_string());
[INFO] [stdout]      |       ^^^^^^^^^
[INFO] [stdout]      |
[INFO] [stdout]      = note: import resolution is stuck, try simplifying macro imports
[INFO] [stdout] 
[INFO] [stdout] 
[INFO] [stdout] error: cannot determine resolution for the macro `assert_eq`
[INFO] [stdout]     --> src/parser.rs:4087:7
[INFO] [stdout]      |
[INFO] [stdout] 4087 |       assert_eq!(&grpent, expected_output);
[INFO] [stdout]      |       ^^^^^^^^^
[INFO] [stdout]      |
[INFO] [stdout]      = note: import resolution is stuck, try simplifying macro imports
[INFO] [stdout] 
[INFO] [stdout] 
[INFO] [stdout] error: cannot determine resolution for the macro `assert_eq`
[INFO] [stdout]     --> src/parser.rs:3792:7
[INFO] [stdout]      |
[INFO] [stdout] 3792 |       assert_eq!(t2.to_string(), expected_output.to_string());
[INFO] [stdout]      |       ^^^^^^^^^
[INFO] [stdout]      |
[INFO] [stdout]      = note: import resolution is stuck, try simplifying macro imports
[INFO] [stdout] 
[INFO] [stdout] 
[INFO] [stdout] error: cannot determine resolution for the macro `assert_eq`
[INFO] [stdout]     --> src/parser.rs:3791:7
[INFO] [stdout]      |
[INFO] [stdout] 3791 |       assert_eq!(&t2, expected_output);
[INFO] [stdout]      |       ^^^^^^^^^
[INFO] [stdout]      |
[INFO] [stdout]      = note: import resolution is stuck, try simplifying macro imports
[INFO] [stdout] 
[INFO] [stdout] 
[INFO] [stdout] error: cannot determine resolution for the macro `assert_eq`
[INFO] [stdout]     --> src/parser.rs:3436:7
[INFO] [stdout]      |
[INFO] [stdout] 3436 |       assert_eq!(t2.to_string(), expected_output.to_string());
[INFO] [stdout]      |       ^^^^^^^^^
[INFO] [stdout]      |
[INFO] [stdout]      = note: import resolution is stuck, try simplifying macro imports
[INFO] [stdout] 
[INFO] [stdout] 
[INFO] [stdout] error: cannot determine resolution for the macro `assert_eq`
[INFO] [stdout]     --> src/parser.rs:3435:7
[INFO] [stdout]      |
[INFO] [stdout] 3435 |       assert_eq!(&t2, expected_output);
[INFO] [stdout]      |       ^^^^^^^^^
[INFO] [stdout]      |
[INFO] [stdout]      = note: import resolution is stuck, try simplifying macro imports
[INFO] [stdout] 
[INFO] [stdout] 
[INFO] [stdout] error: cannot determine resolution for the macro `assert_eq`
[INFO] [stdout]     --> src/parser.rs:3004:7
[INFO] [stdout]      |
[INFO] [stdout] 3004 |       assert_eq!(t1.to_string(), expected_output.to_string());
[INFO] [stdout]      |       ^^^^^^^^^
[INFO] [stdout]      |
[INFO] [stdout]      = note: import resolution is stuck, try simplifying macro imports
[INFO] [stdout] 
[INFO] [stdout] 
[INFO] [stdout] error: cannot determine resolution for the macro `assert_eq`
[INFO] [stdout]     --> src/parser.rs:3003:7
[INFO] [stdout]      |
[INFO] [stdout] 3003 |       assert_eq!(&t1, expected_output);
[INFO] [stdout]      |       ^^^^^^^^^
[INFO] [stdout]      |
[INFO] [stdout]      = note: import resolution is stuck, try simplifying macro imports
[INFO] [stdout] 
[INFO] [stdout] 
[INFO] [stdout] error: cannot determine resolution for the macro `assert_eq`
[INFO] [stdout]     --> src/parser.rs:2797:5
[INFO] [stdout]      |
[INFO] [stdout] 2797 |     assert_eq!(t.to_string(), expected_output.to_string());
[INFO] [stdout]      |     ^^^^^^^^^
[INFO] [stdout]      |
[INFO] [stdout]      = note: import resolution is stuck, try simplifying macro imports
[INFO] [stdout] 
[INFO] [stdout] 
[INFO] [stdout] error: cannot determine resolution for the macro `assert_eq`
[INFO] [stdout]     --> src/parser.rs:2796:5
[INFO] [stdout]      |
[INFO] [stdout] 2796 |     assert_eq!(t, expected_output);
[INFO] [stdout]      |     ^^^^^^^^^
[INFO] [stdout]      |
[INFO] [stdout]      = note: import resolution is stuck, try simplifying macro imports
[INFO] [stdout] 
[INFO] [stdout] 
[INFO] [stdout] error: cannot determine resolution for the macro `assert_eq`
[INFO] [stdout]     --> src/parser.rs:2724:5
[INFO] [stdout]      |
[INFO] [stdout] 2724 |     assert_eq!(generic_args.to_string(), expected_output.to_string());
[INFO] [stdout]      |     ^^^^^^^^^
[INFO] [stdout]      |
[INFO] [stdout]      = note: import resolution is stuck, try simplifying macro imports
[INFO] [stdout] 
[INFO] [stdout] 
[INFO] [stdout] error: cannot determine resolution for the macro `assert_eq`
[INFO] [stdout]     --> src/parser.rs:2723:5
[INFO] [stdout]      |
[INFO] [stdout] 2723 |     assert_eq!(generic_args, expected_output);
[INFO] [stdout]      |     ^^^^^^^^^
[INFO] [stdout]      |
[INFO] [stdout]      = note: import resolution is stuck, try simplifying macro imports
[INFO] [stdout] 
[INFO] [stdout] 
[INFO] [stdout] error: cannot determine resolution for the macro `assert_eq`
[INFO] [stdout]     --> src/parser.rs:2630:11
[INFO] [stdout]      |
[INFO] [stdout] 2630 |           assert_eq!(
[INFO] [stdout]      |           ^^^^^^^^^
[INFO] [stdout]      |
[INFO] [stdout]      = note: import resolution is stuck, try simplifying macro imports
[INFO] [stdout] 
[INFO] [stdout] 
[INFO] [stdout] error: cannot determine resolution for the macro `assert_eq`
[INFO] [stdout]     --> src/parser.rs:2568:11
[INFO] [stdout]      |
[INFO] [stdout] 2568 |           assert_eq!(
[INFO] [stdout]      |           ^^^^^^^^^
[INFO] [stdout]      |
[INFO] [stdout]      = note: import resolution is stuck, try simplifying macro imports
[INFO] [stdout] 
[INFO] [stdout] 
[INFO] [stdout] error: cannot determine resolution for the macro `assert_eq`
[INFO] [stdout]     --> src/parser.rs:2549:5
[INFO] [stdout]      |
[INFO] [stdout] 2549 |     assert_eq!(gps.to_string(), expected_output.to_string());
[INFO] [stdout]      |     ^^^^^^^^^
[INFO] [stdout]      |
[INFO] [stdout]      = note: import resolution is stuck, try simplifying macro imports
[INFO] [stdout] 
[INFO] [stdout] 
[INFO] [stdout] error: cannot determine resolution for the macro `assert_eq`
[INFO] [stdout]     --> src/parser.rs:2548:5
[INFO] [stdout]      |
[INFO] [stdout] 2548 |     assert_eq!(gps, expected_output);
[INFO] [stdout]      |     ^^^^^^^^^
[INFO] [stdout]      |
[INFO] [stdout]      = note: import resolution is stuck, try simplifying macro imports
[INFO] [stdout] 
[INFO] [stdout] 
[INFO] [stdout] error: cannot determine resolution for the macro `assert_eq`
[INFO] [stdout]     --> src/parser.rs:2476:11
[INFO] [stdout]      |
[INFO] [stdout] 2476 |           assert_eq!(
[INFO] [stdout]      |           ^^^^^^^^^
[INFO] [stdout]      |
[INFO] [stdout]      = note: import resolution is stuck, try simplifying macro imports
[INFO] [stdout] 
[INFO] [stdout] 
[INFO] [stdout] error: cannot determine resolution for the macro `assert_eq`
[INFO] [stdout]     --> src/lexer.rs:1151:9
[INFO] [stdout]      |
[INFO] [stdout] 1151 |         assert_eq!(
[INFO] [stdout]      |         ^^^^^^^^^
[INFO] [stdout]      |
[INFO] [stdout]      = note: import resolution is stuck, try simplifying macro imports
[INFO] [stdout] 
[INFO] [stdout] 
[INFO] [stdout] error: cannot determine resolution for the macro `assert_eq`
[INFO] [stdout]     --> src/lexer.rs:1129:7
[INFO] [stdout]      |
[INFO] [stdout] 1129 |       assert_eq!((expected_tok, *literal), (&tok.1, &*tok.1.to_string()))
[INFO] [stdout]      |       ^^^^^^^^^
[INFO] [stdout]      |
[INFO] [stdout]      = note: import resolution is stuck, try simplifying macro imports
[INFO] [stdout] 
[INFO] [stdout] 
[INFO] [stdout] error: cannot determine resolution for the macro `assert_eq`
[INFO] [stdout]     --> src/lexer.rs:1110:5
[INFO] [stdout]      |
[INFO] [stdout] 1110 |     assert_eq!(expected_tok.to_string(), l.next_token()?.1.to_string());
[INFO] [stdout]      |     ^^^^^^^^^
[INFO] [stdout]      |
[INFO] [stdout]      = note: import resolution is stuck, try simplifying macro imports
[INFO] [stdout] 
[INFO] [stdout] 
[INFO] [stdout] error: cannot determine resolution for the macro `assert_eq`
[INFO] [stdout]     --> src/lexer.rs:1097:7
[INFO] [stdout]      |
[INFO] [stdout] 1097 |       assert_eq!((&tok.1, &*tok.1.to_string()), (expected_tok, *literal))
[INFO] [stdout]      |       ^^^^^^^^^
[INFO] [stdout]      |
[INFO] [stdout]      = note: import resolution is stuck, try simplifying macro imports
[INFO] [stdout] 
[INFO] [stdout] 
[INFO] [stdout] error: cannot determine resolution for the macro `assert_eq`
[INFO] [stdout]     --> src/ast.rs:2145:5
[INFO] [stdout]      |
[INFO] [stdout] 2145 |     assert_eq!(
[INFO] [stdout]      |     ^^^^^^^^^
[INFO] [stdout]      |
[INFO] [stdout]      = note: import resolution is stuck, try simplifying macro imports
[INFO] [stdout] 
[INFO] [stdout] 
[INFO] [stdout] error: cannot determine resolution for the macro `assert_eq`
[INFO] [stdout]     --> src/ast.rs:2127:5
[INFO] [stdout]      |
[INFO] [stdout] 2127 |     assert_eq!(
[INFO] [stdout]      |     ^^^^^^^^^
[INFO] [stdout]      |
[INFO] [stdout]      = note: import resolution is stuck, try simplifying macro imports
[INFO] [stdout] 
[INFO] [stdout] 
[INFO] [stdout] error: aborting due to 30 previous errors
[INFO] [stdout] 
[INFO] [stdout] 
[INFO] [stdout] For more information about this error, try `rustc --explain E0432`.
[INFO] [stdout] 
[INFO] [stderr] error: could not compile `cddl`.
[INFO] [stderr] 
[INFO] [stderr] To learn more, run the command again with --verbose.
[INFO] [stderr] warning: build failed, waiting for other jobs to finish...
[INFO] [stderr] error: build failed
[INFO] running `Command { std: "docker" "inspect" "c510812cf46dcd26795d450121c08777706d581a009935c2a4181446b1e2ddab", kill_on_drop: false }`
[INFO] running `Command { std: "docker" "rm" "-f" "c510812cf46dcd26795d450121c08777706d581a009935c2a4181446b1e2ddab", kill_on_drop: false }`
[INFO] [stdout] c510812cf46dcd26795d450121c08777706d581a009935c2a4181446b1e2ddab
